t is the millions digit of 25467097?
5
What is the hundred thousands digit of 189590715?
5
What is the hundred millions digit of 153413058?
1
What is the millions digit of 2735583411?
5
What is the millions digit of 33831590?
3
What is the hundred millions digit of 7266617840?
2
What is the ten thousands digit of 441036090?
3
What is the thousands digit of 36839543?
9
What is the ten thousands digit of 3198567450?
6
What is the units digit of 2178981461?
1
What is the millions digit of 821400368?
1
What is the units digit of 783481015?
5
What is the tens digit of 147703345?
4
What is the thousands digit of 204698159?
8
What is the millions digit of 116170371?
6
What is the thousands digit of 16949317?
9
What is the millions digit of 2884931902?
4
What is the ten millions digit of 77733480?
7
What is the units digit of 3190241362?
2
What is the hundreds digit of 28862616?
6
What is the units digit of 231182225?
5
What is the millions digit of 539914905?
9
What is the ten millions digit of 222485583?
2
What is the tens digit of 44365594?
9
What is the hundred thousands digit of 1912472558?
4
What is the thousands digit of 152911359?
1
What is the tens digit of 153257540?
4
What is the ten thousands digit of 264118590?
1
What is the hundreds digit of 4759909447?
4
What is the ten millions digit of 155586103?
5
What is the tens digit of 181656365?
6
What is the thousands digit of 14472932?
2
What is the hundreds digit of 76571652?
6
What is the ten thousands digit of 252870?
5
What is the units digit of 7819981?
1
What is the millions digit of 83730134?
3
What is the millions digit of 21813255?
1
What is the ten thousands digit of 3669815661?
1
What is the ten thousands digit of 65885357?
8
What is the units digit of 168286553?
3
What is the tens digit of 4833869648?
4
What is the ten millions digit of 718849513?
1
What is the ten thousands digit of 2769988783?
8
What is the units digit of 129600486?
6
What is the thousands digit of 41102379?
2
What is the thousands digit of 84129797?
9
What is the millions digit of 378115425?
8
What is the thousands digit of 2738647309?
7
What is the thousands digit of 64920221?
0
What is the thousands digit of 48505865?
5
What is the ten thousands digit of 184211779?
1
What is the hundred thousands digit of 17479984?
4
What is the hundreds digit of 128529356?
3
What is the thousands digit of 420856124?
6
What is the hundred thousands digit of 527986211?
9
What is the hundreds digit of 2493204646?
6
What is the tens digit of 77488662?
6
What is the hundred thousands digit of 946336245?
3
What is the millions digit of 928696663?
8
What is the units digit of 102295954?
4
What is the units digit of 2798558903?
3
What is the hundreds digit of 74184794?
7
What is the hundred thousands digit of 1711624777?
6
What is the ten thousands digit of 388373259?
7
What is the ten millions digit of 1055962044?
5
What is the hundred thousands digit of 108610268?
6
What is the hundred thousands digit of 39017097?
0
What is the thousands digit of 70006979?
6
What is the thousands digit of 290640574?
0
What is the hundred thousands digit of 24300178?
3
What is the units digit of 293648767?
7
What is the millions digit of 132307332?
2
What is the hundred thousands digit of 34830599?
8
What is the units digit of 149524563?
3
What is the hundred thousands digit of 42030114?
0
What is the ten millions digit of 44323160?
4
What is the hundred thousands digit of 20255564?
2
What is the thousands digit of 74845468?
5
What is the thousands digit of 34048490?
8
What is the units digit of 1593743145?
5
What is the ten millions digit of 129803962?
2
What is the ten millions digit of 3222183887?
2
What is the ten millions digit of 473557591?
7
What is the ten millions digit of 32962140?
3
What is the tens digit of 2120057967?
6
What is the ten thousands digit of 139123631?
2
What is the hundreds digit of 164905355?
3
What is the hundreds digit of 161945817?
8
What is the millions digit of 437037102?
7
What is the tens digit of 31259034?
3
What is the ten millions digit of 180449021?
8
What is the ten millions digit of 297090221?
9
What is the millions digit of 1093146693?
3
What is the hundred thousands digit of 283024718?
0
What is the units digit of 1116628807?
7
What is the thousands digit of 1854193270?
3
What is the hundreds digit of 57058557?
5
What is the ten thousands digit of 345644887?
4
What is the ten thousands digit of 30501455?
0
What is the millions digit of 2358176011?
8
What is the tens digit of 222873948?
4
What is the hundred millions digit of 992039167?
9
What is the ten thousands digit of 49205469?
0
What is the hundreds digit of 277677554?
5
What is the ten millions digit of 1098018646?
9
What is the hundred thousands digit of 4642843005?
8
What is the thousands digit of 38303724?
3
What is the ten thousands digit of 1483873905?
7
What is the ten millions digit of 41209571?
4
What is the millions digit of 908286751?
8
What is the ten thousands digit of 14881669?
8
What is the thousands digit of 112293906?
3
What is the tens digit of 345160098?
9
What is the millions digit of 179353947?
9
What is the units digit of 734954738?
8
What is the tens digit of 37063602?
0
What is the thousands digit of 1258442839?
2
What is the tens digit of 147317243?
4
What is the hundred thousands digit of 366249927?
2
What is the units digit of 5828082703?
3
What is the millions digit of 139168023?
9
What is the thousands digit of 19186215?
6
What is the tens digit of 86619873?
7
What is the thousands digit of 10717271?
7
What is the ten thousands digit of 64860258?
6
What is the thousands digit of 4687278173?
8
What is the units digit of 797832074?
4
What is the ten thousands digit of 3338157180?
5
What is the ten thousands digit of 1406817098?
1
What is the thousands digit of 2114152592?
2
What is the thousands digit of 947486961?
6
What is the hundred thousands digit of 572349742?
3
What is the units digit of 984403000?
0
What is the tens digit of 172413035?
3
What is the ten thousands digit of 17549968?
4
What is the millions digit of 981780822?
1
What is the hundreds digit of 274884326?
3
What is the units digit of 124271629?
9
What is the hundred millions digit of 217778332?
2
What is the hundred thousands digit of 2596261892?
2
What is the ten millions digit of 124273847?
2
What is the millions digit of 104016077?
4
What is the hundred thousands digit of 3043742895?
7
What is the millions digit of 52724874?
2
What is the tens digit of 1986184200?
0
What is the tens digit of 217373251?
5
What is the thousands digit of 4597768556?
8
What is the ten millions digit of 4077367794?
7
What is the ten millions digit of 299870236?
9
What is the hundreds digit of 68036189?
1
What is the billions digit of 1255167510?
1
What is the millions digit of 63272148?
3
What is the tens digit of 7027222?
2
What is the thousands digit of 280085301?
5
What is the units digit of 573008930?
0
What is the tens digit of 75023353?
5
What is the thousands digit of 8214730?
4
What is the tens digit of 16115703?
0
What is the hundred thousands digit of 72370823?
3
What is the ten thousands digit of 766366541?
6
What is the ten thousands digit of 38805998?
0
What is the millions digit of 55489625?
5
What is the ten thousands digit of 100005415?
0
What is the ten millions digit of 192845898?
9
What is the hundred thousands digit of 7476927?
4
What is the ten thousands digit of 51812608?
1
What is the thousands digit of 33958326?
8
What is the hundred thousands digit of 49168817?
1
What is the millions digit of 3362391223?
2
What is the tens digit of 40701992?
9
What is the units digit of 2928797?
7
What is the thousands digit of 307273633?
3
What is the thousands digit of 87567723?
7
What is the tens digit of 1210432450?
5
What is the thousands digit of 2523418385?
8
What is the hundreds digit of 22471844?
8
What is the units digit of 597511396?
6
What is the hundreds digit of 2752978955?
9
What is the ten millions digit of 479487807?
7
What is the thousands digit of 22004128?
4
What is the tens digit of 176771269?
6
What is the hundred millions digit of 842342020?
8
What is the millions digit of 80620725?
0
What is the tens digit of 69557173?
7
What is the ten th